 12. Calculate the remainder when 34 is divided by o(d).
10
Calculate the remainder when 334 is divided by (-3 - -18)/((-44)/56 - -1).
54
Suppose -2*c = c + 4*y - 74, -4*c - y + 116 = 0. Suppose -4*b + c = 2*a - 0*b, 86 = 5*a - b. What is the remainder when 99 is divided by a?
14
Let k = -906 - -958. Suppose -302 = -2*z + h - 0*h, 0 = -z + 5*h + 142. Calculate the remainder when z is divided by k.
48
Let x = -2682 + 2696. Calculate the remainder when 1284 is divided by x.
10
Suppose -3*h + 4*n = -136, 4*h + 3*n - 160 = 13. What is the remainder when 527 is divided by h?
43
Suppose -21*n + 22*n + 4 = 0. Calculate the remainder when n + (-14)/(-3) - (-152)/6 is divided by 9.
8
What is the remainder when 44 is divided by (-6)/42 + (-29)/(-7)?
0
Let d(a) = -3*a + 1. Calculate the remainder when 32 + (80/(-24))/((-4)/6) is divided by d(-6).
18
Calculate the remainder when (-17281)/(-37) - (-152)/(-2812) is divided by 52.
51
Let k(v) = -v**2 - 4*v + 4. Let t be k(-3). Suppose 5*m - 9 = 2*m. Suppose -t*z + 76 = -m*z. Calculate the remainder when z is divided by 10.
9
Let r be (-1)/(-2) - 382/4. Let x = -34 - r. What is the remainder when x is divided by 25?
11
Let g = 1931 - 1869. What is the remainder when g is divided by 52?
10
Suppose -1387 + 299 = -16*y. Calculate the remainder when y is divided by 27.
14
Calculate the remainder when 67 + 6 + (-66)/6 is divided by 11.
7
Let n be (-1)/((-4)/(-32)) + 4. Suppose 193 = 4*x - 39. What is the remainder when x is divided by n - (-24 - 0) - 0?
18
Let d(n) = n**3 - 9*n**2 + 6*n + 3. Suppose 5*u - u = 32. Let m be d(u). Let o = -6 - m. What is the remainder when o is divided by 5?
2
Let v be 7/((-84)/18)*(-778)/3. Suppose 4*w + a - 70 = v, 469 = 4*w - a. Calculate the remainder when w is divided by 17.
14
Let w(y) be the first derivative of y**4/4 - 10*y**3/3 - 15*y**2/2 + 5*y - 11. What is the remainder when w(12) is divided by 23?
21
Let z = -18 + 16. Let c be 2*((-6)/(-2) + z). Suppose s = c*s - 13. What is the remainder when 50 is divided by s?
11
Suppose -4*u + 6 = 2. Suppose 3*k + 2 = -4*z, -3*k + u = 5*z + 2. Calculate the remainder when 3 is divided by 0 + 4 - (2 + z).
0
Let n(q) be the second derivative of q**5/5 - 5*q**4/12 + 7*q**3/6 + 2*q. Calculate the remainder when 129 is divided by n(2).
25
Let i(p) = 9*p + 1. Let l = -3 - -3. Suppose l = 3*a - 197 - 25. What is the remainder when a is divided by i(2)?
17
Let u = 7 + -14. Calculate the remainder when -2*u/(-21)*(0 - 21) is divided by 4.
2
Suppose -10*l + l + 2421 = 0. Calculate the remainder when l is divided by 39.
35
Let p(h) be the third derivative of h**6/120 - h**5/10 + h**4/24 - h**3 + h**2. Let j be p(6). Let g = 68 - j. What is the remainder when g is divided by 23?
22
Let i = -143 + 147. Calculate the remainder when 6 is divided by i.
2
Let y = 245 + -243. What is the remainder when 8 is divided by y?
0
Let p = -1625 + 1756. Calculate the remainder when p is divided by 28.
19
Suppose -2*r + 651 = -9*r. Let y = r - -104. Let o = -17 - -34. What is the remainder when o is divided by y?
6
Let b be 10*(12/5)/4. Suppose 3*h = h - b. Calculate the remainder when 91 is divided by (-78)/h + -2 + -1.
22
Let y = -29 - -50. Suppose j = -2*m + y, -3*m = j - 2*j + 41. What is the remainder when 85 is divided by j?
27
Let x(c) = -9 + 32 + c**3 + 33*c**2 - 16*c**2. Calculate the remainder when 68 is divided by x(-17).
22
Let x(y) = 3*y + 15. Calculate the remainder when x(10) is divided by 7.
3
Suppose -w = 2*y - 10, -4*y + w + 14 = -0. Calculate the remainder when 204/15*(-30)/(-12) is divided by y.
2
Let n(x) = x**3 - 7*x**2 - 7*x + 6. Let k be (-2)/(-6)*(-72)/(-3). What is the remainder when n(k) is divided by (-16)/24*-11 + 2/3?
6
Suppose 2*a = -5*b + 1126, -3*a - 215 = -0*b - b. Suppose -b = -3*o - 4*o. Suppose r = 100 - 39. What is the remainder when r is divided by o?
29
What is the remainder when 125 is divided by (-6)/9*(-252)/8?
20
Let j(i) = -i**3 - 3*i**2 + 2*i. Let w be j(-4). Suppose -43 + 15 = 4*o. Let h = w + o. Calculate the remainder when 3 is divided by h.
0
Suppose 0 = 3*l - 3*a + 3 - 0, 5*a = -2*l + 26. What is the remainder when l is divided by 2/(-9) + (-11)/(-9)?
0
Suppose 129 = 5*v + 39. What is the remainder when v is divided by 15?
3
Suppose s - m = -6*m - 10, 5*s - m - 80 = 0. Suppose -9 = -u + 5*h, 2*u - 3*h - 39 = -u. Let f = u - 6. Calculate the remainder when s is divided by f.
7
Let o(i) = 4*i**2 - 13*i + 19. What is the remainder when 121 is divided by o(4)?
28
Let b(z) = -z**2 - 7*z + 11. Let y be b(-10). Let k(s) = -2*s - 15. What is the remainder when k(y) is divided by 8?
7
Suppose -3*j = -r + 2*r - 20, -j = 3*r - 28. Let f(t) = t**2 - 2*t**2 + 23 - r*t - 4*t. Calculate the remainder when 37 is divided by f(-13).
7
Suppose -4*v + 20 = 0, -4*f + 2*v = -7*f + 46. Calculate the remainder when 29 is divided by f.
5
Let y = 126 - 58. Suppose y = 3*j - j. Suppose 10 = -5*a, -15*a - 333 = -5*o - 11*a. Calculate the remainder when o is divided by j.
31
Let v be (5/10)/((-1)/2 + 1). Suppose v = -m, -353 = -5*a - m - m. What is the remainder when a is divided by 15?
11
Let z(q) = q**2 - 9*q - 3. Let g be (2 - (-1 + 2)) + 14. Suppose -12*b = -g*b + 33. What is the remainder when z(b) is divided by 4?
3
Let n be (-2)/(10/(-6) - -1). Suppose 0 = -2*l + 3*l - n. Suppose -3*g - 228 = -252. Calculate the remainder when g is divided by l.
2
Suppose -30 - 20 = o. Let p = o + 72. What is the remainder when p is divided by 6?
4
Suppose -435 = 5*w - 900. Calculate the remainder when w is divided by 24.
21
Let m(w) be the second derivative of -w**3/6 + w**2 - 3*w. Let j be m(2). Suppose k + j - 10 = 0. What is the remainder when 29 is divided by k?
9
Suppose -3*y = -4*y - 2. Let a be 70/25 + y/(-10). Suppose a*u - 2*u - 27 = 0. What is the remainder when u is divided by 10?
7
Let m(d) = 6*d + 16. Let w be m(6). Suppose 54*v - w*v = 180. Calculate the remainder when v is divided by 4/(-18) - (-281)/9.
28
Let w be ((-2)/(-2))/((-49)/12 - -4). Let c = w + 19. Suppose 5*l - 84 = 41. What is the remainder when l is divided by c?
4
Let i be 2/11 + 13/(-11). Calculate the remainder when 63 is divided by (i/2)/(2/(-68)) - 0.
12
Suppose 0 = 5*x - 182 + 7. What is the remainder when x is divided by 12?
11
Let h(j) = -19*j + 7 - 9 - 31. Calculate the remainder when h(-4) is divided by 15.
13
Suppose 3*h + 3 = -3*x, -h + 3*x - 5 = -0*h. Let z = -10 - -34. What is the remainder when (207/12)/(h/(-8)) is divided by z?
21
Suppose 2*y + 22 = 4*a - 6*a, -4*y = -4*a - 84. Suppose 3*m + 72 = -4*q, -5*m - 50 = -3*q + 41. Let b = a - m. What is the remainder when 8 is divided by b?
0
Suppose n = -1 + 3. Suppose -2*o - 3*o = n*w - 76, 0 = -o + 3*w + 5. What is the remainder when 54 + 8/(-4) - -2 is divided by o?
12
Suppose -5*u = -9*u + 44. Let q be (16/(-12))/((-1)/6). Let y = q + u. Calculate the remainder when 56 is divided by y.
18
Let j = -8 + 13. Suppose 39 = d + 2*m + 2*m, 72 = 4*d - j*m. Suppose 22 = 2*z - 0*w + 3*w, -42 = -5*z - w. What is the remainder when d is divided by z?
7
Let g = -8 + 10. Calculate the remainder when (-5)/((-90)/66)*(1 - -2) is divided by 6/g + -1 - -1.
2
Suppose -2*v + 56 = 2*v. Suppose -2*j - 36 = 2*w, -3*j + 4*w - 39 = 2*w. Let a = j + 24. Calculate the remainder when v is divided by a.
5
Suppose 0 = -3*t - 2*v + 592, -3*t + 607 = 3*v + 2*v. Suppose -5*w = -2*d + 63, 0*d = d - 4*w - 27. Calculate the remainder when t is divided by d.
38
Suppose -6*p + p - 105 = 0. Let g(b) = -b**2 - 20*b + 25. What is the remainder when 10 is divided by g(p)?
2
Let y(d) = 2*d**2 - 4*d - 1. What is the remainder when 101 is divided by y(4)?
11
Suppose -2*n + 6*n = 48. Let p be (16/6 - 2)*n. Suppose -p = -2*w + 14. Calculate the remainder when w is divided by 4.
3
What is the remainder when 84 is divided by (1 - 180/(-4)) + 10/(-5)?
40
Suppose -56*y - 1209 = -69*y. What is the remainder when 184 is divided by y?
91
Let t(s) = -s**3 - 6*s**2 - 14*s - 26. Calculate the remainder when ((-21)/3)/(2/(-10)) is divided by t(-5).
16
Let l(z) = -2 - 3 - 2*z + z**2 - z. Let f = -389 + 396. What is the remainder when l(f) is divided by 6?
5
Suppose -5*h - 5 = 0, -13 = -3*u + 5*h + 4. Calculate the remainder when (-2)/(-15) + (-133)/(-15) is 